793806 prime?
False
Is 10641247 composite?
False
Is 1451603 a prime number?
True
Is 895829 prime?
False
Is 6592793 a prime number?
False
Is 89655911 prime?
False
Is 413203 prime?
False
Is 8447891 a composite number?
True
Is 314612327 a composite number?
False
Is 17943019 prime?
True
Is 20031577 a composite number?
True
Is 255372781 a prime number?
True
Is 30538393 a prime number?
True
Is 7790317 a composite number?
True
Is 2425099 composite?
True
Is 116297147 a prime number?
False
Is 180011723 a prime number?
True
Is 439024559 composite?
False
Is 14659691 composite?
True
Is 345181 a composite number?
False
Is 731033 a prime number?
True
Is 139147681 prime?
True
Is 1988177 a prime number?
True
Is 1186897 prime?
False
Is 6905059 a prime number?
False
Is 4288883 composite?
False
Is 617277 a prime number?
False
Is 1577431 prime?
True
Is 14804787 a prime number?
False
Is 143771 prime?
False
Is 793159 a composite number?
False
Is 2548799 a prime number?
False
Is 25667393 a prime number?
True
Is 3001493 composite?
True
Is 31835461 a prime number?
False
Is 581441453 prime?
True
Is 51572771 a prime number?
False
Is 2022971 a prime number?
True
Is 17189869 composite?
False
Is 468947 a prime number?
False
Is 25260349 composite?
False
Is 829214 prime?
False
Is 932819 a composite number?
False
Is 5893961 a composite number?
False
Is 660493 composite?
False
Is 133778687 a composite number?
True
Is 69965761 prime?
False
Is 464069 prime?
True
Is 263677 prime?
True
Is 559313 prime?
True
Is 4267163 a prime number?
False
Is 27254441 a composite number?
False
Is 2078971 a composite number?
False
Is 11777 composite?
False
Is 42868333 a composite number?
False
Is 478769 prime?
True
Is 12880709 prime?
True
Is 2203211 prime?
True
Is 11112743 a prime number?
True
Is 14421047 a composite number?
False
Is 112755259 a composite number?
False
Is 778199 prime?
False
Is 739543 composite?
True
Is 377498203 a composite number?
True
Is 29491849 prime?
False
Is 5266847 composite?
True
Is 65532697 a prime number?
True
Is 1035299 a composite number?
True
Is 31238891 composite?
True
Is 6746171 a composite number?
False
Is 197329983 prime?
False
Is 1803433 prime?
False
Is 514281239 composite?
False
Is 63919271 a composite number?
True
Is 3859265 prime?
False
Is 10333529 prime?
True
Is 137716151 a composite number?
True
Is 18343681 a prime number?
False
Is 44968601 composite?
False
Is 94947241 prime?
False
Is 25985183 a composite number?
True
Is 75628769 prime?
True
Is 8096087 a composite number?
False
Is 10400231 composite?
False
Is 2736319 composite?
True
Is 7994759 composite?
False
Is 24381419 a prime number?
True
Is 254048933 a prime number?
False
Is 6412421 prime?
True
Is 79029779 prime?
False
Is 1109107 a composite number?
True
Is 838807 prime?
True
Is 5851367 composite?
False
Is 1104637 composite?
True
Is 22089785 a prime number?
False
Is 464231519 prime?
False
Is 2134789 a prime number?
False
Is 26741591 composite?
False
Is 1067941 a prime number?
False
Is 2786845 a composite number?
True
Is 44295869 a prime number?
False
Is 56454863 composite?
False
Is 44997119 a prime number?
False
Is 1559113 prime?
True
Is 8525669 composite?
False
Is 966863 a composite number?
False
Is 23003683 a composite number?
False
Is 43534879 prime?
False
Is 2580163 a composite number?
True
Is 1012211 composite?
True
Is 1330848071 a composite number?
True
Is 171420719 a prime number?
False
Is 26080877 prime?
True
Is 57732043 a composite number?
True
Is 1965727 composite?
True
Is 389507 a prime number?
True
Is 140771261 a composite number?
False
Is 1193351 a prime number?
True
Is 3920331 a prime number?
False
Is 355505786 composite?
True
Is 4097167 a prime number?
True
Is 88303 prime?
False
Is 22505587 a composite number?
True
Is 6310039 a composite number?
False
Is 811435 a composite number?
True
Is 42915329 composite?
False
Is 8737601 prime?
False
Is 128409067 a composite number?
False
Is 1318349 a prime number?
True
Is 20959465 a composite number?
True
Is 18719573 a composite number?
True
Is 288803 prime?
True
Is 131705731 prime?
False
Is 9858211 a prime number?
False
Is 851033 prime?
True
Is 4377629 a composite number?
False
Is 439037609 composite?
False
Is 190679491 prime?
True
Is 60741491 prime?
False
Is 162833641 composite?
True
Is 59475161 prime?
True
Is 143956729 composite?
True
Is 967222 a composite number?
True
Is 100099511 a prime number?
False
Is 121061986 a prime number?
False
Is 70239347 prime?
True
Is 5397929 prime?
True
Is 26500283 a prime number?
True
Is 5271509 prime?
True
Is 11431393 prime?
True
Is 2554711 a composite number?
False
Is 1427687 composite?
False
Is 1501267 a prime number?
False
Is 9635111 a prime number?
True
Is 40089671 a prime number?
False
Is 69826777 a composite number?
False
Is 5461849 a composite number?
False
Is 165518627 prime?
True
Is 94050467 prime?
False
Is 66384463 a composite number?
True
Is 11747057 composite?
True
Is 44399357 composite?
False
Is 19666531 prime?
True
Is 42343349 composite?
True
Is 44132069 composite?
False
Is 3858367 composite?
False
Is 13395674 a prime number?
False
Is 19658809 a prime number?
True
Is 1653791 composite?
False
Is 61206857 a prime number?
False
Is 122250857 prime?
False
Is 2370377 prime?
True
Is 6627122 composite?
True
Is 482490631 a composite number?
True
Is 69378083 a composite number?
False
Is 7307897 a composite number?
False
Is 2004479 a composite number?
False
Is 7351205 composite?
True
Is 116639 prime?
True
Is 152732299 composite?
True
Is 136827523 composite?
True
Is 100710277 prime?
True
Is 1179900935 prime?
False
Is 133512261 a composite number?
True
Is 572630639 composite?
True
Is 1697453 a composite number?
False
Is 100528063 prime?
True
Is 8540693 a composite number?
True
Is 10705809 a prime number?
False
Is 1467857 a prime number?
False
Is 66664859 a composite number?
False
Is 26374961 a composite number?
False
Is 1165711 a composite number?
False
Is 7192727 prime?
True
Is 276540337 prime?
True
Is 4461389 composite?
True
Is 179481437 composite?
False
Is 357610615 a prime number?
False
Is 13442417 prime?
True
Is 4738407 a prime number?
False
Is 12649849 prime?
False
Is 150069701 composite?
False
Is 53730403 a prime number?
False
Is 213141965 composite?
True
Is 9486467 composite?
True
Is 66832033 a prime number?
True
Is 2606405 prime?
False
Is 13722106 a composite number?
True
Is 96247637 a composite number?
True
Is 173257486 a composite number?
True
Is 38505809 prime?
True
Is 180792617 a composite number?
True
Is 264393007 prime?
True
Is 17596519 a composite number?
False
Is 9108083 a composite number?
True
Is 6369721 a prime number?
False
Is 23024939 a composite number?
True
Is 100039 a composite number?
True
Is 5975161 prime?
True
Is 2116291 a prime number?
True
Is 23549011 prime?
True
Is 5816842 prime?
False
Is 99694181 composite?
False
Is 293697142 a prime number?
False
Is 39451859 prime?
True
Is 32091385 composite?
True
Is 1069087 composite?
False
Is 39380383 a composite number?
True
Is 1725445 prime?
False
Is 9833123 a composite number?
True
Is 85105801 a composite number?
True
Is 46110607 a prime number?
False
Is 1677961 a composite number?
False
Is 13546271 composite?
False
Is 6037349 prime?
True
Is 669558059 a composite number?
False
Is 133677073 prime?
True
Is 839901943 a prime number?
True
Is 262751 a composite number?
True
Is 546341 prime?
True
Is 3471227 composite?
False
Is 99961699 a composite number?
False
Is 4593283 a composite number?
False
Is 223804069 a composite number?
False
Is 68381683 a composite number?
True
Is 9125239 a composite number?
False
Is 196794089 a prime number?
True
Is 75009689 composite?
True
Is 5703889 a prime number?
True
Is 2673458 composite?
True
Is 4113341 prime?
True
Is 195455177 a prime number?
True
Is 1093201301 composite?
False
Is 61921703 prime?
False
Is 458567 prime?
True
Is 1153049 composite?
False
Is 12335287 a prime number?
True
Is 23400617 composite?
False
Is 172925587 a composite number?
False
Is 4037753 composite?
True
Is 701903 a prime number?
True
Is 12759983 prime?
False
Is 2306093 a prime number?
False
Is 13360649 a composite number?
False
Is 15047209 composite?
True
Is 188178607 prime?
True
Is 59417903 a prime number?
True
Is 416712839 composite?